List the prime factors of 36384.
2, 3, 379
What are the prime factors of 40344?
2, 3, 41
What are the prime factors of 697?
17, 41
List the prime factors of 55182.
2, 3, 17, 541
What are the prime factors of 18979?
18979
List the prime factors of 887.
887
List the prime factors of 1068.
2, 3, 89
What are the prime factors of 139?
139
List the prime factors of 923.
13, 71
List the prime factors of 5466.
2, 3, 911
What are the prime factors of 11343?
3, 19, 199
What are the prime factors of 1612?
2, 13, 31
List the prime factors of 753.
3, 251
What are the prime factors of 51056?
2, 3191
What are the prime factors of 9394?
2, 7, 11, 61
What are the prime factors of 4913?
17
List the prime factors of 5653.
5653
What are the prime factors of 15225?
3, 5, 7, 29
List the prime factors of 8151.
3, 11, 13, 19
List the prime factors of 759.
3, 11, 23
What are the prime factors of 204?
2, 3, 17
List the prime factors of 30722.
2, 15361
What are the prime factors of 2904?
2, 3, 11
List the prime factors of 25243.
25243
What are the prime factors of 638?
2, 11, 29
What are the prime factors of 7581?
3, 7, 19
What are the prime factors of 3121?
3121
What are the prime factors of 5096?
2, 7, 13
What are the prime factors of 3515?
5, 19, 37
What are the prime factors of 2802?
2, 3, 467
List the prime factors of 72380.
2, 5, 7, 11, 47
List the prime factors of 5941.
13, 457
List the prime factors of 8598.
2, 3, 1433
What are the prime factors of 4334?
2, 11, 197
What are the prime factors of 54637?
11, 4967
List the prime factors of 85.
5, 17
List the prime factors of 6780.
2, 3, 5, 113
What are the prime factors of 10527?
3, 11, 29
What are the prime factors of 13676?
2, 13, 263
What are the prime factors of 74708?
2, 19, 983
What are the prime factors of 1974?
2, 3, 7, 47
List the prime factors of 3053.
43, 71
What are the prime factors of 135479?
135479
List the prime factors of 3720.
2, 3, 5, 31
What are the prime factors of 8376?
2, 3, 349
What are the prime factors of 18195?
3, 5, 1213
What are the prime factors of 11193?
3, 7, 13, 41
List the prime factors of 33068.
2, 7, 1181
List the prime factors of 559.
13, 43
What are the prime factors of 1483?
1483
What are the prime factors of 2110?
2, 5, 211
List the prime factors of 3499.
3499
What are the prime factors of 161826?
2, 3, 7, 3853
List the prime factors of 1337.
7, 191
List the prime factors of 781.
11, 71
List the prime factors of 1294.
2, 647
List the prime factors of 116494.
2, 7, 53, 157
What are the prime factors of 2179?
2179
What are the prime factors of 14845?
5, 2969
List the prime factors of 107369.
19, 5651
What are the prime factors of 79791?
3, 26597
List the prime factors of 28006.
2, 11, 19, 67
What are the prime factors of 72855?
3, 5, 1619
What are the prime factors of 17692?
2, 4423
List the prime factors of 1863.
3, 23
What are the prime factors of 6885?
3, 5, 17
What are the prime factors of 759?
3, 11, 23
What are the prime factors of 4731?
3, 19, 83
List the prime factors of 11010.
2, 3, 5, 367
What are the prime factors of 356?
2, 89
List the prime factors of 705.
3, 5, 47
List the prime factors of 5419.
5419
What are the prime factors of 10405?
5, 2081
List the prime factors of 2289.
3, 7, 109
List the prime factors of 1192.
2, 149
List the prime factors of 1256.
2, 157
List the prime factors of 274.
2, 137
What are the prime factors of 1652?
2, 7, 59
List the prime factors of 8486.
2, 4243
What are the prime factors of 315?
3, 5, 7
List the prime factors of 320.
2, 5
What are the prime factors of 2470?
2, 5, 13, 19
What are the prime factors of 2377?
2377
What are the prime factors of 11109?
3, 7, 23
What are the prime factors of 785?
5, 157
What are the prime factors of 3338?
2, 1669
List the prime factors of 11809.
7, 241
What are the prime factors of 31379?
31379
What are the prime factors of 1093?
1093
List the prime factors of 140507.
23, 41, 149
What are the prime factors of 9046?
2, 4523
What are the prime factors of 10250?
2, 5, 41
List the prime factors of 22924.
2, 11, 521
List the prime factors of 22775.
5, 911
List the prime factors of 14219.
59, 241
List the prime factors of 9729.
3, 23, 47
What are the prime factors of 21314?
2, 10657
List the prime factors of 4504.
2, 563
What are the prime factors of 11274?
2, 3, 1879
List the prime factors of 11677.
11677
List the prime factors of 961.
31
List the prime factors of 474.
2, 3, 79
What are the prime factors of 14186?
2, 41, 173
What are the prime factors of 8672?
2, 271
List the prime factors of 11926.
2, 67, 89
What are the prime factors of 30044?
2, 7, 29, 37
List the prime factors of 12042.
2, 3, 223
What are the prime factors of 55811?
7, 17, 67
List the prime factors of 8245.
5, 17, 97
List the prime factors of 60078.
2, 3, 17, 19, 31
What are the prime factors of 174?
2, 3, 29
What are the prime factors of 12306?
2, 3, 7, 293
What are the prime factors of 38154?
2, 3, 6359
What are the prime factors of 2570?
2, 5, 257
What are the prime factors of 10884?
2, 3, 907
List the prime factors of 1740.
2, 3, 5, 29
List the prime factors of 83994.
2, 3, 13999
What are the prime factors of 76414?
2, 13, 2939
List the prime factors of 1477.
7, 211
List the prime factors of 168044.
2, 43, 977
What are the prime factors of 26?
2, 13
List the prime factors of 9711.
3, 13, 83
List the prime factors of 42574.
2, 7, 3041
What are the prime factors of 13104?
2, 3, 7, 13
List the prime factors of 25804.
2, 6451
What are the prime factors of 180?
2, 3, 5
List the prime factors of 7480.
2, 5, 11, 17
What are the prime factors of 52248?
2, 3, 7, 311
List the prime factors of 7043.
7043
What are the prime factors of 3061?
3061
List the prime factors of 9247.
7, 1321
List the prime factors of 760.
2, 5, 19
What are the prime factors of 720?
2, 3, 5
What are the prime factors of 12734?
2, 6367
What are the prime factors of 74301?
3, 24767
List the prime factors of 16181.
11, 1471
List the prime factors of 26440.
2, 5, 661
What are the prime factors of 4191?
3, 11, 127
List the prime factors of 7132.
2, 1783
List the prime factors of 25444.
2, 6361
What are the prime factors of 4505?
5, 17, 53
What are the prime factors of 23184?
2, 3, 7, 23
What are the prime factors of 52319?
113, 463
List the prime factors of 3363.
3, 19, 59
What are the prime factors of 922?
2, 461
List the prime factors of 529.
23
What are the prime factors of 35609?
7, 5087
What are the prime factors of 3078?
2, 3, 19
List the prime factors of 245.
5, 7
List the prime factors of 240.
2, 3, 5
What are the prime factors of 28958?
2, 14479
What are the prime factors of 11063?
13, 23, 37
What are the prime factors of 14820?
2, 3, 5, 13, 19
List the prime factors of 12228.
2, 3, 1019
What are the prime factors of 4820?
2, 5, 241
List the prime factors of 2502.
2, 3, 139
What are the prime factors of 2862?
2, 3, 53
List the prime factors of 3141.
3, 349
List the prime factors of 505.
5, 101
What are the prime factors of 2407?
29, 83
What are the prime factors of 25498?
2, 11, 19, 61
List the prime factors of 46030.
2, 5, 4603
List the prime factors of 81797.
157, 521
List the prime factors of 69286.
2, 7, 101
List the prime factors of 724.
2, 181
What are the prime factors of 1372?
2, 7
List the prime factors of 1102.
2, 19, 29
What are the prime factors of 6891?
3, 2297
List the prime factors of 367.
367
What are the prime factors of 13652?
2, 3413
List the prime factors of 169869.
3, 7, 8089
List the prime factors of 1073.
29, 37
List the prime factors of 7031.
79, 89
List the prime factors of 4286.
2, 2143
List the prime factors of 87289.
41, 2129
List the prime factors of 1069.
1069
List the prime factors of 5525.
5, 13, 17
List the prime factors of 1985.
5, 397
List the prime factors of 85294.
2, 11, 3877
List the prime factors of 7590.
2, 3, 5, 11, 23
What are the prime factors of 72316?
2, 101, 179
What are the prime factors of 1605?
3, 5, 107
What are the prime factors of 60757?
60757
List the prime factors of 1032.
2, 3, 43
What are the prime factors of 2289?
3, 7, 109
List the prime factors of 4355.
5, 13, 67
List the prime factors of 1284.
2, 3, 107
What are the prime factors of 2761?
11, 251
What are the prime factors of 15256?
2, 1907
What ar